062)/4 + (-5)/2. Let j = a - -278. What is the highest common divisor of 190 and j?
10
Suppose 0 = 5*n - 3*d - 54, -2*d + 63 = -2*n + 83. Suppose -5*a + 22 = -4*o, 3*o = -4*a - a + 36. What is the highest common divisor of a and n?
6
Let w be (-246)/(-205) + 34/5. Let g = 47 + -22. Suppose 3*k + g = w*k. Calculate the highest common divisor of k and 1.
1
Suppose -4*l - 15 = -9*l, 5*a + 3*l + 191 = 0. Let t = 42 + a. Suppose 2*g - 25 = 3. Calculate the greatest common factor of g and t.
2
Let g(p) = p + 34. Let b be g(0). Let m be (-5 - b/(-6))/((-1)/(-333)). What is the greatest common divisor of 6 and m?
6
Let c(o) = -o**2 - 40*o - 95. Let t be c(-35). What is the highest common divisor of t and 620?
20
Let i(m) = m**3 - 5*m**2 + 30*m - 115. Let g be i(5). What is the greatest common divisor of 777 and g?
7
Let b = 3643 - 2683. Suppose m + 73 = 5*d, -m - 5 = -3*d + 38. Calculate the highest common factor of d and b.
15
Suppose 10*q + 4*q = 924. Suppose 69*j = q*j + 33. What is the highest common divisor of 143 and j?
11
Suppose a = 5*t + 78, -a - 2*t = a - 180. Suppose -150*c + 148*c + a = 0. What is the greatest common divisor of 198 and c?
22
Let y be -2 + (-4)/(-2) + 27. Let j be (3496/1330 - (-30)/(-21))/((-2)/(-60)). Calculate the greatest common factor of y and j.
9
Suppose 5*j + 25*v = 23*v + 160, -10 = -2*v. Suppose -82 = 4*l - 3*w - 238, -3*l + 4*w + 110 = 0. Calculate the highest common factor of j and l.
6
Suppose 14*d = 8*d + 444. Suppose -8 = 70*a - d*a. Calculate the highest common divisor of a and 38.
2
Let l(m) = -m**3 + 7*m**2 - 56*m + 162. Let a be l(3). What is the greatest common factor of a and 17310?
30
Suppose 13956 + 20844 = 50*k. What is the greatest common factor of k and 174?
174
Let u(k) = -k**3 + 8*k**2 - 8*k - 3. Let h be u(5). What is the greatest common factor of h and 3488?
32
Let v be 139/973 + 25143/7. Calculate the greatest common factor of 8 and v.
8
Let k be (-60)/14*1708/(-183). Suppose 18*l = 14*l + k. Calculate the highest common factor of 40 and l.
10
Let g(o) = o**2 + 8*o - 25. Let m be g(-13). Suppose m - 130 = -5*s. What is the greatest common factor of 27 and s?
9
Suppose -4*s + 209*l + 21484 = 208*l, -l - 26856 = -5*s. What is the greatest common divisor of 340 and s?
68
Let z(d) = -d**3 + 24*d**2 + 6*d + 345. Let y be z(18). What is the greatest common factor of 282 and y?
141
Let r be (288/24)/((-2)/3). Let u be (-3*15/6)/(r/108). Calculate the greatest common divisor of u and 6.
3
Suppose 871 - 2059 = -6*j. Let m be ((-4)/(-14))/(12/756). Calculate the greatest common divisor of m and j.
18
Let f be (1 + 2)/(3/5). Suppose 0 = -5*s + 8 + 2, 0 = -m - s + 13. Suppose -f*r + m = -39. Calculate the highest common divisor of r and 110.
10
Suppose 5*w + 442 - 1482 = 0. Let l = 563 + -563. Suppose -80*n + 87*n - 364 = l. Calculate the greatest common factor of n and w.
52
Let t(s) = s**2 + s - 1. Let a be t(-3). Let c be 18 + a*(-6)/(-15). Suppose -10 = -5*x + 3*x. Calculate the highest common divisor of c and x.
5
Let b be -1711*(0 + -5 - 6). Calculate the highest common divisor of 957 and b.
319
Let d = 10723 + -10699. What is the highest common factor of 4596 and d?
12
Suppose 2*u = -u + 54. Let s(j) = -4*j - 19. Let z be s(-6). Suppose 39 - 129 = -z*o. Calculate the greatest common factor of u and o.
18
Let o = 1445 + -1393. What is the greatest common divisor of 10 and o?
2
Let a(h) = h**3 + h**2 + h + 9. Let u be (-2*13)/(-3*(-8)/(-12)). Suppose 0 = -x - u + 13. Let s be a(x). What is the greatest common divisor of 171 and s?
9
Let x(s) = -81*s - 39. Suppose -17*u - 9 - 42 = 0. Let v be x(u). Calculate the greatest common divisor of 36 and v.
12
Suppose 4 = 77*y - 76*y. Suppose y*p - 50 = -2*l, 6*l = 3*p + l - 70. What is the highest common factor of p and 240?
15
Suppose -12*u - 17822 = -80102. What is the highest common factor of 30 and u?
30
Let n = 70 + 196. Suppose m + 8 = -3*m, -n = -3*z + m. Suppose 36*t + 4*q - 26 = 34*t, -q + 1 = 0. What is the greatest common factor of z and t?
11
Let k(a) = -12*a + 6. Let t be k(4). Let h = -31 - t. Suppose -h = 3*r + v - 72, 5*r = -3*v + 107. Calculate the greatest common factor of 171 and r.
19
Let j be ((-259)/(-14))/(-1*3/(-18)). Calculate the highest common factor of j and 6.
3
Let t be (-97 + 2)*3/(-1). Let b(f) = -1528*f + 197587. Let n be b(129). What is the highest common factor of n and t?
95
Let o be (-65)/(-10)*(-126)/(-63). What is the highest common divisor of o and 65?
13
Let j(a) = -45*a + 1185. Let h be j(25). Calculate the highest common factor of 1140 and h.
60
Let j be 1*-2*(-7 + (-3 - -7)). Suppose -33*l + 39*l = j. Calculate the highest common divisor of 16 and l.
1
Let m(x) = -3*x - 9. Let p be m(-9). Suppose -4 - p = -2*y. Let w be -5 + (2 - -1) - -90. What is the highest common factor of w and y?
11
Let t(j) = 6*j - 27. Let v be t(7). Let r(y) = 5*y**2 + 5*y + 5. Let d = -28 + 23. Let z be r(d). What is the greatest common divisor of z and v?
15
Let h be (22586/(-644) - -35) + 169/14. Calculate the greatest common divisor of 4389 and h.
3
Let d(p) = 11*p**2 - 562*p - 2244. Let h be d(-4). What is the highest common factor of h and 2844?
36
Let b be (21 - (-273 - -18)) + 9. Calculate the highest common factor of b and 2610.
15
Suppose -o = 5*l + 12, 0 = -2*l + 3*l + 4. Suppose 4*p - 3*y = -715, 29*y - 180 = p + 28*y. Let q = p - -191. What is the greatest common factor of o and q?
8
Suppose 1457 = 7*n + 232. What is the highest common factor of n and 3?
1
Let y(j) = -5*j**3 - 2*j**2 + 3. Suppose -3*m + 4*m + 25 = -3*d, 5*m = -20. Let z be 6*(d/3 - -2). Let v be y(z). What is the highest common factor of 7 and v?
7
Suppose 658 = 12*t + 322. What is the greatest common factor of 1183 and t?
7
Let p(d) = -11*d - 16. Let k be p(-4). Let f = 117 + -81. Let s = f - 22. Calculate the greatest common factor of s and k.
14
Let b(v) = -v**3 - 8*v**2 + 21*v + 15. Let f be b(-10). Suppose g + 3 = 0, f*z - 191 = 5*g + 384. What is the greatest common factor of 56 and z?
56
Let p(l) = 2*l + 8. Let d be p(0). Let q be ((-1110)/(-12))/(d/16). What is the greatest common factor of q and 111?
37
Suppose -2448 = -91*j + 79*j. Suppose 0 = -199*q + j*q - 380. What is the highest common factor of q and 133?
19
Suppose -955 = -7*y - 423. Calculate the greatest common factor of 27436 and y.
76
Let s(d) = 7*d + 33. Suppose 3*a + 10 + 1 = -2*n, -4*n + 8 = -4*a. Let p be s(a). Calculate the greatest common divisor of p and 18.
6
Let m(n) = 2*n**2 - n. Let u be m(-1). Suppose 0 = 4*x + 4*k - 68, 2*x - 14 + 5 = u*k. Calculate the greatest common factor of x and 324.
12
Let m(a) = -a**2 + 5*a + 3. Let l be m(6). Let f be (-5 - 0)*1/(15/(-36)). Let r be 1/l - (-1444)/f. Calculate the highest common factor of r and 15.
15
Let j = 6262 + -5930. What is the greatest common divisor of j and 3818?
166
Let p(a) = 97*a + 4482. Let w be p(-45). Calculate the highest common factor of 2847 and w.
39
Let l(c) = c**3 + 104*c**2 - 109*c - 403. Let m be l(-105). Calculate the greatest common divisor of 27319 and m.
17
Suppose 63 - 239 = -2*p + z, -4*p + 3*z + 348 = 0. Calculate the greatest common factor of 3150 and p.
90
Let a = 6061 - 6037. Suppose z - 748 = -2*s + 166, -4*s = -4*z - 1816. Calculate the greatest common divisor of a and s.
24
Suppose -12*a = -16*a + 56. Suppose 0 = -13*b - b - a. Let t be -12 - -307 - (-1 + 0 + b). What is the greatest common factor of t and 33?
33
Suppose -19*w - 32306 = -5*i - 23*w, 4*w = -2*i + 12908. Calculate the highest common divisor of i and 122.
122
Let x = -117 + 117. Suppose -3*a = 4*w - 1, -2*a - w + 4 = -x*w. Calculate the greatest common factor of a and 21.
3
Suppose -2*d + 240 = 4*g, -488 = -5*d - 5*g + 132. What is the greatest common factor of 10 and d?
2
Let n be (35/(-5))/((4 + -6)/2). Suppose 494 = n*i + 32. Calculate the highest common factor of 12 and i.
6
Suppose 1596*h - 3185*h + 1596*h = 54845. What is the greatest common factor of h and 5?
5
Suppose -2*c - 8*s + 3*s = -20, 0 = -3*c + 4*s + 30. Calculate the highest common divisor of 17 and c.
1
Let f be (-6)/(432/(-588)) - (-25)/30. Calculate the greatest common divisor of 18243 and f.
9
Suppose 69 - 65 = w. Suppose -119 = -5*f - 6*c + w*c, f - 2*c = 19. Le